hat is the thousands digit of 1490304?
0
What is the ten thousands digit of 9322558?
2
What is the hundred thousands digit of 392239?
3
What is the thousands digit of 172897?
2
What is the units digit of 30490923?
3
What is the units digit of 243517?
7
What is the hundred thousands digit of 195735?
1
What is the hundred thousands digit of 10135354?
1
What is the thousands digit of 400394?
0
What is the units digit of 19412518?
8
What is the units digit of 46386?
6
What is the thousands digit of 236177?
6
What is the thousands digit of 2091564?
1
What is the hundred thousands digit of 535411?
5
What is the units digit of 154882?
2
What is the ten thousands digit of 2604817?
0
What is the thousands digit of 8424453?
4
What is the millions digit of 3019254?
3
What is the millions digit of 7973209?
7
What is the hundred thousands digit of 181045?
1
What is the ten thousands digit of 18755749?
5
What is the units digit of 3344318?
8
What is the units digit of 1302191?
1
What is the tens digit of 309986?
8
What is the millions digit of 4509243?
4
What is the hundred thousands digit of 1267089?
2
What is the tens digit of 6248875?
7
What is the hundred thousands digit of 10935605?
9
What is the ten thousands digit of 31501311?
0
What is the ten thousands digit of 993818?
9
What is the tens digit of 645758?
5
What is the hundred thousands digit of 192767?
1
What is the units digit of 15598423?
3
What is the ten thousands digit of 135652?
3
What is the ten thousands digit of 666699?
6
What is the thousands digit of 277807?
7
What is the hundred thousands digit of 13104811?
1
What is the hundreds digit of 249429?
4
What is the tens digit of 3324992?
9
What is the thousands digit of 239598?
9
What is the hundreds digit of 91617?
6
What is the millions digit of 5378451?
5
What is the units digit of 146499?
9
What is the tens digit of 15777337?
3
What is the tens digit of 11890805?
0
What is the hundred thousands digit of 247564?
2
What is the tens digit of 894535?
3
What is the hundred thousands digit of 5594907?
5
What is the hundreds digit of 284864?
8
What is the tens digit of 17992337?
3
What is the ten thousands digit of 24546615?
4
What is the tens digit of 21193?
9
What is the hundreds digit of 10496335?
3
What is the ten thousands digit of 477085?
7
What is the ten thousands digit of 7235344?
3
What is the units digit of 193214?
4
What is the hundreds digit of 1449382?
3
What is the hundreds digit of 839980?
9
What is the ten millions digit of 16062060?
1
What is the ten thousands digit of 10488485?
8
What is the hundreds digit of 138383?
3
What is the tens digit of 827280?
8
What is the tens digit of 626780?
8
What is the units digit of 12193097?
7
What is the ten thousands digit of 35976?
3
What is the hundred thousands digit of 10272901?
2
What is the hundred thousands digit of 10090587?
0
What is the thousands digit of 2654138?
4
What is the tens digit of 160982?
8
What is the thousands digit of 55454?
5
What is the ten thousands digit of 4092684?
9
What is the units digit of 39145?
5
What is the hundred thousands digit of 142446?
1
What is the thousands digit of 6341287?
1
What is the ten thousands digit of 7155745?
5
What is the hundreds digit of 272445?
4
What is the tens digit of 1680458?
5
What is the hundreds digit of 256516?
5
What is the hundreds digit of 2927304?
3
What is the ten thousands digit of 855398?
5
What is the hundreds digit of 720440?
4
What is the hundreds digit of 279614?
6
What is the thousands digit of 5749628?
9
What is the thousands digit of 186920?
6
What is the ten thousands digit of 1492398?
9
What is the hundred thousands digit of 6021148?
0
What is the tens digit of 5344380?
8
What is the units digit of 440088?
8
What is the ten thousands digit of 436108?
3
What is the units digit of 377280?
0
What is the hundred thousands digit of 530758?
5
What is the thousands digit of 9124414?
4
What is the millions digit of 9033930?
9
What is the thousands digit of 337023?
7
What is the tens digit of 1065296?
9
What is the thousands digit of 8645?
8
What is the millions digit of 1094299?
1
What is the ten thousands digit of 3923117?
2
What is the units digit of 30525463?
3
What is the hundreds digit of 2406993?
9
What is the hundred thousands digit of 912264?
9
What is the thousands digit of 143776?
3
What is the tens digit of 1438531?
3
What is the units digit of 2795306?
6
What is the tens digit of 11858358?
5
What is the hundred thousands digit of 155807?
1
What is the ten thousands digit of 1828594?
2
What is the tens digit of 359480?
8
What is the thousands digit of 7098374?
8
What is the millions digit of 1796459?
1
What is the hundred thousands digit of 1259215?
2
What is the units digit of 17639795?
5
What is the ten thousands digit of 5490779?
9
What is the hundreds digit of 190991?
9
What is the ten thousands digit of 426967?
2
What is the tens digit of 4228?
2
What is the thousands digit of 954614?
4
What is the thousands digit of 2191618?
1
What is the thousands digit of 531584?
1
What is the tens digit of 1976561?
6
What is the hundreds digit of 262629?
6
What is the units digit of 6063188?
8
What is the units digit of 209051?
1
What is the hundreds digit of 6974854?
8
What is the units digit of 15568493?
3
What is the hundred thousands digit of 5828160?
8
What is the ten thousands digit of 1867294?
6
What is the units digit of 5716921?
1
What is the tens digit of 4213582?
8
What is the units digit of 358452?
2
What is the tens digit of 416199?
9
What is the units digit of 2119092?
2
What is the units digit of 2243226?
6
What is the hundreds digit of 595647?
6
What is the ten thousands digit of 83448?
8
What is the millions digit of 1362310?
1
What is the ten thousands digit of 314920?
1
What is the units digit of 30361?
1
What is the tens digit of 743385?
8
What is the thousands digit of 6357?
6
What is the hundred thousands digit of 1369739?
3
What is the thousands digit of 3966448?
6
What is the millions digit of 1645107?
1
What is the thousands digit of 9306703?
6
What is the thousands digit of 2137490?
7
What is the ten millions digit of 23060276?
2
What is the thousands digit of 823542?
3
What is the tens digit of 236532?
3
What is the ten thousands digit of 583305?
8
What is the hundreds digit of 29549?
5
What is the ten thousands digit of 468920?
6
What is the units digit of 44471?
1
What is the tens digit of 9042849?
4
What is the ten millions digit of 19377628?
1
What is the ten thousands digit of 19441899?
4
What is the hundreds digit of 175871?
8
What is the millions digit of 1717754?
1
What is the thousands digit of 34964?
4
What is the tens digit of 169526?
2
What is the tens digit of 6597838?
3
What is the tens digit of 679621?
2
What is the thousands digit of 3697531?
7
What is the tens digit of 749639?
3
What is the thousands digit of 953819?
3
What is the millions digit of 2110550?
2
What is the ten thousands digit of 8622895?
2
What is the millions digit of 7878167?
7
What is the units digit of 12711282?
2
What is the thousands digit of 744836?
4
What is the thousands digit of 2152834?
2
What is the hundreds digit of 438504?
5
What is the tens digit of 246624?
2
What is the units digit of 1919138?
8
What is the tens digit of 16053349?
4
What is the millions digit of 2333121?
2
What is the tens digit of 1076176?
7
What is the millions digit of 17515735?
7
What is the units digit of 29644963?
3
What is the thousands digit of 3795046?
5
What is the units digit of 461559?
9
What is the hundred thousands digit of 7593873?
5
What is the millions digit of 2805147?
2
What is the units digit of 724051?
1
What is the hundreds digit of 470303?
3
What is the hundreds digit of 1943206?
2
What is the hundreds digit of 81543?
5
What is the millions digit of 1348474?
1
What is the units digit of 551687?
7
What is the hundred thousands digit of 2812535?
8
What is the hundreds digit of 1437249?
2
What is the hundred thousands digit of 572416?
5
What is the hundred thousands digit of 3260020?
2
What is the ten thousands digit of 395490?
9
What is the hundreds digit of 223338?
3
What is the ten thousands digit of 329839?
2
What is the hundred thousands digit of 819764?
8
What is the ten thousands digit of 8